f v and 96?
12
Let u(r) = -10*r + 7. Let i be u(-8). Let q be (165/20)/(-11)*-4. Suppose q*n - 5*n + 6 = 0, -5*n - 43 = -2*p. What is the greatest common factor of p and i?
29
Let v be ((-15)/20*-4)/(9/(-6)). Let g be ((-40)/(-50))/(v/5). Let r be (-77)/g*(-4 + 6). Calculate the greatest common divisor of 7 and r.
7
Let o = 3 - -37. Let b = 371 + 69. What is the highest common divisor of b and o?
40
Let z(l) = 3*l**2 + 86*l - 2002. Let v be z(32). Calculate the greatest common factor of v and 49.
49
Suppose 2*i = 4*f - 6686 - 1516, -5*i = 2*f - 4095. What is the greatest common divisor of f and 1800?
50
Let i be 32 - (1 - (-1)/1). What is the highest common factor of i and 430?
10
Let j be -7 + 5 - 10 - -80. Suppose 297 = 3*c - 621. Calculate the greatest common divisor of c and j.
34
Suppose 0 = 4*u - 4, -434*u + 432*u - 10 = -a. Suppose 0 = -4*t + 2*t + 6. What is the highest common factor of t and a?
3
Let u(k) be the second derivative of -2*k**3/3 - 13*k**2 - 172*k. Let b be u(-12). What is the highest common divisor of 473 and b?
11
Let n(x) = -x**3 + 16*x**2 + 29*x - 451. Let r be n(16). Let o = 469 - 271. Let c = -81 + o. What is the highest common divisor of r and c?
13
Suppose -633*v = -4*j - 628*v + 148, -2*j + 88 = v. Suppose 2*m + 40 = 7*m. Let a be (-12)/m + 108/8. Calculate the greatest common divisor of a and j.
6
Let o = 59 - 37. Suppose -2*s + 621 = 2*s + 5*j, -5*s = 2*j - 789. Suppose c = -5, -i + s = -c - 0*c. Calculate the greatest common divisor of i and o.
22
Suppose 0 = -u + 4*t - 68 + 62, 5*u - 3*t - 21 = 0. Calculate the highest common factor of 4926 and u.
6
Let k = 5079 - 5070. Calculate the highest common divisor of k and 13.
1
Suppose 2*q - 1005 = -w + 749, 5*w - 8726 = q. Suppose -5*l + w = 26. Let v = 7175 - 7132. Calculate the highest common divisor of v and l.
43
Let q be (970/(-15))/(-1 - (-21)/27). Suppose -w = -5*v - 16 - 31, -5*w - 3*v + q = 0. What is the greatest common factor of w and 114?
57
Let r(z) = -228*z - 124. Let i be r(-1). What is the greatest common divisor of i and 44?
4
Let h(i) = -i**2 + 49*i - 217. Suppose 60 = 3*u + g - 71, -u + 3*g = -27. Let r be h(u). Calculate the highest common factor of 187 and r.
11
Let t(r) = r**2 + 14*r + 40. Let v be t(-4). Suppose m + 7*w - 3*w = v, m - 36 = 5*w. Calculate the greatest common factor of 400 and m.
16
Let t(d) = -d**3 + 7*d**2 - 4*d. Let w be t(7). Let n be (-16 - -8)/(7/w). Calculate the highest common factor of n and 608.
32
Let b = -2223 + 2778. Suppose -4*a + 50 = 2*r, -3*a + 2*r + 0*r + 55 = 0. Calculate the highest common divisor of b and a.
15
Let a = -4826 + 4843. Let h = -192 + 277. What is the greatest common divisor of h and a?
17
Suppose -3*a + 7269 = 3*l, -121*a - l - 9732 = -125*a. What is the greatest common factor of 3757 and a?
221
Let r be (-4)/6 + 16/6. Let b be 17 + r/(-1 - 0). Suppose 438*u - 436*u - m = 0, 4*m = 5*u + 9. What is the highest common divisor of u and b?
3
Let h = -408 - -792. Calculate the greatest common divisor of h and 2176.
128
Suppose 1674*g - 1685*g = -4642. What is the highest common factor of 8651 and g?
211
Let y = 22525 - 22521. Let h = 213 - 101. What is the highest common factor of h and y?
4
Let d(m) = -37*m + 9. Let v be d(-9). Let f be 160/(-4) - (339 + -397). Calculate the greatest common divisor of v and f.
18
Let b(a) = 821*a**3 + 13*a**2 - 36*a + 57. Let s be b(4). What is the greatest common factor of 15 and s?
15
Let f = 16796 + -10619. Calculate the greatest common factor of f and 426.
213
Suppose -336 - 20 = -2*p + 6*s, 0 = -p + s + 174. Suppose 0 = -5*a - 0*a + 20. What is the highest common factor of a and p?
4
Let t(b) = -4*b - 15. Let m be t(-8). Suppose m = 6*r + 5. Suppose -6*a - 2*s = -r*a - 28, a - 1 = -2*s. Calculate the highest common factor of 1 and a.
1
Suppose -b + 430 = 2*d, 5*d - 66*b - 1075 = -69*b. What is the highest common divisor of d and 65?
5
Let a = 32 + -18. Let w(t) = t**2 - 6*t + 3. Let g be w(6). Suppose v = -n + 33, -2*v = -g*n - 38 - 3. Calculate the highest common divisor of v and a.
14
Suppose -4*p + 2036 = 5*k, -p + 488 = 12*k - 16*k. Suppose -75*b = -69*b - p. What is the highest common divisor of 63 and b?
21
Suppose 2*u - 3*c = 1451, 62 - 801 = -u - 3*c. What is the greatest common factor of u and 5986?
146
Let i(f) = 3*f**3 - 7*f**2 + 7*f + 12. Let w be i(4). Suppose -2*k - p + 41 = -8, 0 = 5*k + 5*p - w. What is the greatest common factor of k and 275?
25
Let g = 29895 - 26064. Calculate the greatest common divisor of 3 and g.
3
Let u(w) = 9*w - 71. Let i be u(8). Let a be (50/(-30)*-23)/(i/6). Calculate the greatest common factor of 23 and a.
23
Let h(q) = q**3 + 2*q**2 - 13*q + 5768. Let j be h(0). What is the highest common divisor of 103 and j?
103
Let s(f) = 4*f**2 + 69*f - 16. Let d be s(-18). Let x(p) = -p + 15. Let j be x(-4). What is the greatest common factor of d and j?
19
Let m be 114/5*960/288. Calculate the greatest common factor of m and 12.
4
Let v be (-161)/(-23) + (-1 - -6). Let m be (-2 + v)/(4/28). What is the greatest common factor of 30 and m?
10
Suppose -3 - 2 = 5*r, r = 3*l - 7. Suppose 3*u - 63 = -3*i, -l*u = -4*u - 2. Let p be i + 9/(-3) + -2. Calculate the greatest common divisor of p and 68.
17
Suppose 5*z - 2*y - 97 = 0, -4*z + 81 = -4*y - y. Let b(s) = s**2 - 33*s + 294. Let j be b(z). What is the greatest common divisor of 119 and j?
7
Let k(s) = -8*s**2 - 30*s - 39. Let v(j) = j**2 + 2*j + 1. Let g(h) = k(h) + 6*v(h). Let t be g(-5). Calculate the greatest common factor of t and 56.
7
Let s(q) = 5*q**2 + 171*q + 338. Let k be s(-2). Let o(j) = j - 4. Let t be o(4). Suppose t = 3*g - 9 - 3. What is the highest common factor of g and k?
4
Suppose 3*d - 928 = -4*b - 383, -3*d = 7*b - 560. Suppose -13*h + d + 33 = 0. Calculate the greatest common factor of h and 72.
8
Let f = -18230 - -18492. What is the highest common factor of f and 6681?
131
Let v(c) be the first derivative of c**4/2 - 8*c**2 - 48. Let t be v(6). What is the highest common divisor of 21 and t?
21
Let b = -4374 - -4509. Calculate the highest common factor of 2205 and b.
45
Suppose 0 = 24*o - 2*o - 66. Suppose 5*a - 3*p = 235, -5*p = 3*a - 42 - 65. Suppose o*q - 5*q = -a. Calculate the highest common divisor of 66 and q.
22
Let z(g) = 17*g**2 - 28*g + 110. Let q be z(4). Calculate the highest common divisor of 110 and q.
10
Let f(w) = -14*w + 2. Let r be f(-2). Suppose 205 = 2*z - 5*k, 4*z + 120*k - 125*k = 445. Calculate the highest common factor of r and z.
30
Let i = 163 - 53. Suppose -2*x = 4*s - 64, -4*x - s + 156 + 0 = 0. What is the highest common factor of x and i?
10
Let n be 56/(-8)*8/(-14). Suppose 3*j = 4*j - 2*y - 108, -5*y = n*j - 458. Calculate the greatest common factor of 7 and j.
7
Let v(f) = 5*f + 6. Let t be v(-2). Let d be 65 - ((-7 - t) + 0). Let q = 101 - d. Calculate the greatest common divisor of 3 and q.
3
Let j = 34861 - 29895. Calculate the greatest common factor of 221 and j.
13
Let x be (75/6)/(-5)*(-90)/(-25). Let m be (1404/10)/(x/(-30)). What is the highest common divisor of 52 and m?
52
Suppose -15*h = -23*h + 288. Let s(u) = u**3 + 19*u**2 - 6*u - 24. Let j be s(-19). What is the greatest common divisor of h and j?
18
Let j(m) = -m**3 + 49*m**2 - 418*m + 8. Let b be j(11). Let n = -19 + 55. Suppose 0 = -z + 4*z - n. What is the highest common factor of z and b?
4
Suppose -129 = -9*k + 1077. Suppose -3*v + 16 + k = 0. Suppose v = 7*x + 15. What is the highest common factor of 25 and x?
5
Suppose -2*a - 2*z = -110, -68*a + 70*a = -5*z + 125. Calculate the highest common divisor of 775 and a.
25
Let q be -12*(-5 + 2 - (-42)/(-4)). Let a = q + -108. Let n(d) = 2*d**2 + 6*d - 72. Let p be n(6). Calculate the greatest common factor of a and p.
18
Suppose 0 = 4*a - 173 + 9. Suppose 156 = a*r - 15*r. What is the greatest common factor of r and 27?
3
Suppose 0 = -8*s + 14*s - 180. Let i = 244 + 26. What is the highest common divisor of s and i?
30
Suppose 1332 = x + 8*x. Suppose 62 = -7*n - x. Let c be n/(-105) - (-108)/14. Calculate the highest common factor of c and 32.
8
Let f be (2 + -1 - 3)*(-31 - 155737/34). Calculate the highest common divisor of 23 and f.
23
Let b(q) = q**3 - 9*q**2 + 7*q + 8. Let x be b(8). Suppose -6